e 12) to base 16
-3733
Convert -12074 (base 11) to base 3.
-212211212
Convert b004 (base 12) to base 7.
106300
What is -6780 (base 9) in base 8?
-11625
20120120 (base 3) to base 4
1022322
-10001101101010 (base 2) to base 7
-35301
168 (base 12) to base 4
3200
120112 (base 3) to base 6
1535
32320 (base 5) to base 12
1342
What is -1314 (base 6) in base 12?
-23a
Convert 11012 (base 4) to base 16.
146
-1357 (base 8) to base 5
-11001
3224 (base 11) to base 14
17a5
-4440421 (base 5) to base 10
-77611
-244433 (base 6) to base 13
-9ba3
Convert -22344 (base 6) to base 2.
-110001011000
What is -10221202 (base 3) in base 4?
-231002
What is -14310 (base 5) in base 6?
-5325
14100 (base 6) to base 7
6255
What is 4053 (base 9) in base 8?
5624
What is -3122202 (base 4) in base 5?
-421421
What is -1100001100111 (base 2) in base 5?
-144442
What is 10111111001100 (base 2) in base 5?
342421
What is -3303 (base 5) in base 4?
-13011
Convert 7a28 (base 12) to base 14.
4d32
Convert -2020 (base 10) to base 16.
-7e4
What is -1000313 (base 4) in base 5?
-113101
What is 179 (base 14) in base 13?
1a4
-5041 (base 9) to base 11
-2848
What is 136 (base 16) in base 11?
262
Convert -3222 (base 8) to base 3.
-2022022
What is -105505 (base 6) in base 13?
-4166
Convert -82b (base 13) to base 2.
-10101101101
What is 130112 (base 4) in base 13?
a97
52154 (base 7) to base 2
11000111101011
Convert -9b1 (base 15) to base 4.
-202033
17a17 (base 12) to base 15
a261
What is 330401 (base 5) in base 12?
669b
-29743 (base 10) to base 5
-1422433
What is -27431 (base 10) in base 3?
-1101121222
401425 (base 6) to base 4
13223321
-32102031 (base 4) to base 10
-58509
What is -1135550 (base 6) in base 3?
-10000202210
What is -115d (base 15) in base 16?
-e68
What is -2112 (base 8) in base 5?
-13343
Convert 1253 (base 14) to base 6.
22505
-2030 (base 4) to base 7
-260
What is -10100121 (base 3) in base 5?
-34241
Convert 405 (base 14) to base 3.
1002020
What is 10010101011 (base 2) in base 9?
1567
What is -34112 (base 11) in base 10?
-49381
3f8f (base 16) to base 13
7538
-586 (base 12) to base 4
-30312
What is -5a26 (base 13) in base 10?
-12707
Convert 1110101100 (base 2) to base 14.
4b2
What is -5e4 (base 16) in base 4?
-113210
3043 (base 6) to base 5
10200
What is a14 (base 12) in base 8?
2660
What is -1776 (base 12) in base 14?
-105c
11110 (base 5) to base 7
2163
101213 (base 4) to base 3
1112202
174a (base 11) to base 9
3050
Convert -443 (base 6) to base 14.
-c3
What is 988 (base 11) in base 4?
102201
Convert -2300 (base 4) to base 9.
-215
-152a (base 16) to base 5
-133133
5030 (base 6) to base 9
1450
-55 (base 9) to base 16
-32
What is -220220 (base 3) in base 13?
-3c9
Convert -31320 (base 7) to base 14.
-2b47
What is 3406 (base 8) in base 6?
12154
Convert -2c1 (base 14) to base 10.
-561
Convert -43917 (base 10) to base 4.
-22232031
What is 532 (base 9) in base 5?
3214
Convert -3446 (base 12) to base 6.
-42530
Convert 4535 (base 8) to base 2.
100101011101
What is 40 (base 5) in base 11?
19
545a (base 11) to base 15
2204
Convert -176 (base 15) to base 6.
-1320
Convert -101222202 (base 3) to base 7.
-32234
What is -13a9 (base 14) in base 12?
-2021
-22014 (base 5) to base 13
-8c1
Convert 351 (base 16) to base 9.
1143
Convert 2167 (base 8) to base 15.
513
What is -122121 (base 3) in base 12?
-337
234 (base 12) to base 11
279
-502 (base 12) to base 3
-222202
Convert 7735 (base 8) to base 3.
12120102
Convert 33620 (base 11) to base 8.
137030
-317b (base 12) to base 15
-1918
Convert -987 (base 16) to base 5.
-34224
What is 94 (base 13) in base 5?
441
ab59 (base 13) to base 12
119bb
Convert -10010100101 (base 2) to base 4.
-102211
10243 (base 6) to base 8
2563
1111011001 (base 2) to base 12
6a1
What is 1222121 (base 3) in base 16?
5a7
Convert 11001111010110 (base 2) to base 15.
3dea
-1254 (base 6) to base 11
-273
Convert 202000 (base 3) to base 10.
540
What is 100200101 (base 3) in base 12?
4101
What is -31020 (base 4) in base 5?
-11330
-426 (base 15) to base 9
-1250
-52 (base 12) to base 9
-68
What is 6320 (base 8) in base 14?
12a4
Convert -213033 (base 5) to base 13.
-3401
Convert 719 (base 10) to base 16.
2cf
Convert -10111000 (base 2) to base 10.
-184
What is 13df (base 16) in base 8?
11737
What is -29450 (base 11) in base 16?
-a348
235220 (base 6) to base 15
6189
499 (base 15) to base 3
1102200
-252350 (base 6) to base 3
-1011000010
-1fe (base 16) to base 7
-1326
-14 (base 14) to base 12
-16
3004 (base 6) to base 10
652
Convert -133102 (base 4) to base 6.
-13134
What is -2625 (base 13) in base 2?
-1010100111111
What is 10002001010 (base 3) in base 12?
2b049
Convert 6427 (base 13) to base 9.
21044
What is 343434 (base 6) in base 16?
728e
1941 (base 14) to base 10
4565
Convert 13524 (base 6) to base 16.
85c
Convert -110044 (base 5) to base 3.
-12011210
2887 (base 12) to base 11
35a3
-33e6 (base 16) to base 12
-7832
What is -10101100 (base 2) in base 8?
-254
Convert 115455 (base 6) to base 3.
112011122
100220230 (base 4) to base 13
25027
What is -33301 (base 4) in base 12?
-701
What is -334352 (base 6) in base 5?
-1400340
What is 114 (base 6) in base 3?
1201
5097 (base 15) to base 5
1021032
100001011100 (base 2) to base 15
97a
What is 422044 (base 6) in base 15?
a1c1
What is -4278 (base 10) in base 7?
-15321
-175 (base 15) to base 2
-101001111
11020 (base 6) to base 14
7ac
1202 (base 6) to base 10
290
What is 32 (base 10) in base 9?
35
-1100232 (base 5) to base 2
-100100110000001
What is -13222133 (base 4) in base 9?
-47048
What is 30 (base 15) in base 16?
2d
Convert -21e (base 15) to base 5.
-3404
What is 2144 (base 7) in base 11?
638
22211022 (base 3) to base 7
24521
What is -167 (base 15) in base 4?
-11002
Convert -a17 (base 12) to base 16.
-5b3
Convert 2178 (base 11) to base 2.
101100110100
Convert -10ad (base 15) to base 3.
-11212001
What is -1907 (base 14) in base 13?
-2094
What is 487 (base 14) in base 4?
32013
Convert -2676 (base 8) to base 11.
-1117
What is -3937 (base 10) in base 4?
-331201
-21556 (base 8) to base 14
-343c
-142541 (base 7) to base 4
-12223223
Convert 11001110001 (base 2) to base 5.
23044
Convert 995 (base 14) to base 9.
2535
Convert -3c9d (base 14) to base 11.
-8069
Convert 771a (base 12) to base 11.
9953
Convert 3080 (base 9) to base 15.
a09
What is -1013212 (base 4) in base 8?
-10746
Convert -c76 (base 14) to base 2.
-100110011000
2b5 (base 13) to base 7
1263
Convert -9798 (base 11) to base 4.
-3022011
-1033330 (base 4) to base 16
-13fc
What is 669 (base 15) in base 4?
112221
1b1 (base 14) to base 12
253
-13640 (base 8) to base 5
-143143
Convert 3219 (base 11) to base 12.
2567
Convert 1370 (base 11) to base 8.
3353
-40453 (base 6) to base 11
-4034
Convert -22213 (base 6) to base 12.
-1969
What is 3932 (base 13) in base 5?
230103
11020 (base 7) to base 3
10210011
1303300 (base 5) to base 9
37817
Convert -a874 (base 15) to base 10.
-35659
Convert 4085 (base 9) to base 6.
21505
1104 (base 6) to base 9
314
-101001101111 (base 2) to base 15
-bd1
What is 1550 (base 9) in base 10?
1179
What is 2012201 (base 3) in base 9?
2181
Convert -3704 (base 11) to base 3.
-20122102
What is -928 (base 10) in base 16?
-3a0
What is -aaa0 (base 14) in base 4?
-13031210
Convert -25930 (base 10) to base 9.
-38511
What is -34566 (base 9) in base 16?
-5a18
-140 (base 11) to base 6
-433
What is -1b6 (base 14) in base 4?
-11210
What is -2120 (base 5) in base 15?
-140
Convert 233 (base 15) to base 12.
356
245 (base 16) to base 13
359
1110010010110 (base 2) to base 5
213233
What is 10241 (base 5) in base 6?
3120
Convert 17652 (base 9) to base 3.
121201202
12044 (base 7) to base 9
4245
What is -122344 (base 5) in base 9?
-6428
Convert -6929 (base 14) to base 8.
-43531
What is 12412 (base 8) in base 3?
21101111
Convert 16e0 (base 15) to base 12.
2a33
What is 847 (base 9) in base 2?
1010110011
What is 10120 (base 5) in base 16?
294
13631 (base 9) to base 6
110514
What is 4351 (base 8) in base 3?
10010111
-10110001000 (base 2) to base 15
-646
-5135 (base 8) to base 6
-20141
Convert 30032002 (base 4) to base 7.
265630
-226 (base 13) to base 7
-1036
Convert -33204 (base 5) to base 9.
-3140
-100110000001 (base 2) to base 12
-14a9
Convert -53b8 (base 13) to base 16.
-2d7b
What is -101010011101110 (base 2) 